0?
2, 5, 19, 37
What are the prime factors of 868?
2, 7, 31
List the prime factors of 4274.
2, 2137
What are the prime factors of 3077?
17, 181
List the prime factors of 1701.
3, 7
What are the prime factors of 18763?
29, 647
List the prime factors of 9572.
2, 2393
List the prime factors of 314.
2, 157
List the prime factors of 39258.
2, 3, 727
What are the prime factors of 16718?
2, 13, 643
What are the prime factors of 62944?
2, 7, 281
What are the prime factors of 8905?
5, 13, 137
What are the prime factors of 31196?
2, 11, 709
List the prime factors of 13521.
3, 4507
List the prime factors of 87840.
2, 3, 5, 61
List the prime factors of 22626.
2, 3, 419
What are the prime factors of 1592?
2, 199
List the prime factors of 7699.
7699
What are the prime factors of 6722?
2, 3361
What are the prime factors of 7597?
71, 107
List the prime factors of 1346.
2, 673
List the prime factors of 110237.
110237
What are the prime factors of 462?
2, 3, 7, 11
List the prime factors of 643.
643
List the prime factors of 1096.
2, 137
What are the prime factors of 1335?
3, 5, 89
List the prime factors of 90702.
2, 3, 5039
What are the prime factors of 4675?
5, 11, 17
What are the prime factors of 268?
2, 67
List the prime factors of 1262.
2, 631
List the prime factors of 1099.
7, 157
List the prime factors of 2179.
2179
List the prime factors of 12280.
2, 5, 307
List the prime factors of 27055.
5, 7, 773
What are the prime factors of 2230?
2, 5, 223
List the prime factors of 70501.
70501
List the prime factors of 3860.
2, 5, 193
What are the prime factors of 9445?
5, 1889
List the prime factors of 1038.
2, 3, 173
What are the prime factors of 138124?
2, 7, 4933
What are the prime factors of 35823?
3, 11941
List the prime factors of 67198.
2, 33599
What are the prime factors of 19046?
2, 89, 107
What are the prime factors of 9296?
2, 7, 83
What are the prime factors of 10993?
10993
List the prime factors of 60.
2, 3, 5
List the prime factors of 4054.
2, 2027
What are the prime factors of 7002?
2, 3, 389
What are the prime factors of 1009?
1009
What are the prime factors of 1671?
3, 557
What are the prime factors of 10960?
2, 5, 137
List the prime factors of 28657.
28657
What are the prime factors of 15970?
2, 5, 1597
What are the prime factors of 105039?
3, 11, 1061
What are the prime factors of 31121?
31121
What are the prime factors of 1068?
2, 3, 89
List the prime factors of 3827.
43, 89
List the prime factors of 19961.
19961
What are the prime factors of 16999?
89, 191
What are the prime factors of 3483?
3, 43
List the prime factors of 205.
5, 41
What are the prime factors of 949?
13, 73
List the prime factors of 6984.
2, 3, 97
What are the prime factors of 890?
2, 5, 89
List the prime factors of 2066.
2, 1033
What are the prime factors of 5717?
5717
What are the prime factors of 76243?
76243
What are the prime factors of 2922?
2, 3, 487
List the prime factors of 593.
593
List the prime factors of 1317.
3, 439
What are the prime factors of 8906?
2, 61, 73
What are the prime factors of 13431?
3, 11, 37
What are the prime factors of 3644?
2, 911
List the prime factors of 28917.
3, 7, 17
What are the prime factors of 1736?
2, 7, 31
What are the prime factors of 15847?
13, 23, 53
List the prime factors of 5201.
7, 743
What are the prime factors of 1715?
5, 7
List the prime factors of 1333.
31, 43
List the prime factors of 321.
3, 107
List the prime factors of 10387.
13, 17, 47
What are the prime factors of 1958?
2, 11, 89
List the prime factors of 1834.
2, 7, 131
What are the prime factors of 622?
2, 311
List the prime factors of 1787.
1787
What are the prime factors of 85039?
277, 307
What are the prime factors of 217?
7, 31
List the prime factors of 784.
2, 7
List the prime factors of 5953.
5953
What are the prime factors of 19097?
13, 113
What are the prime factors of 30499?
7, 4357
List the prime factors of 14699.
14699
List the prime factors of 79686.
2, 3, 19, 233
What are the prime factors of 12869?
17, 757
What are the prime factors of 32332?
2, 59, 137
List the prime factors of 8467.
8467
What are the prime factors of 3276?
2, 3, 7, 13
List the prime factors of 587.
587
List the prime factors of 114127.
13, 8779
What are the prime factors of 328?
2, 41
List the prime factors of 438.
2, 3, 73
List the prime factors of 113.
113
What are the prime factors of 14650?
2, 5, 293
What are the prime factors of 2422?
2, 7, 173
List the prime factors of 8002.
2, 4001
List the prime factors of 20371.
13, 1567
List the prime factors of 2915.
5, 11, 53
List the prime factors of 157740.
2, 3, 5, 11, 239
What are the prime factors of 45130?
2, 5, 4513
List the prime factors of 10382.
2, 29, 179
What are the prime factors of 975?
3, 5, 13
What are the prime factors of 13784?
2, 1723
List the prime factors of 19388.
2, 37, 131
What are the prime factors of 1480?
2, 5, 37
List the prime factors of 271.
271
What are the prime factors of 5831?
7, 17
What are the prime factors of 6871?
6871
What are the prime factors of 31633?
7, 4519
What are the prime factors of 11237?
17, 661
List the prime factors of 135515.
5, 27103
List the prime factors of 462.
2, 3, 7, 11
What are the prime factors of 78378?
2, 3, 13063
List the prime factors of 2786.
2, 7, 199
What are the prime factors of 17418?
2, 3, 2903
List the prime factors of 36639.
3, 23, 59
List the prime factors of 2135.
5, 7, 61
What are the prime factors of 10195?
5, 2039
List the prime factors of 2282.
2, 7, 163
List the prime factors of 35326.
2, 17, 1039
What are the prime factors of 1409?
1409
List the prime factors of 34362.
2, 3, 23, 83
What are the prime factors of 12294?
2, 3, 683
List the prime factors of 13873.
13873
List the prime factors of 51296.
2, 7, 229
What are the prime factors of 7458?
2, 3, 11, 113
List the prime factors of 4041.
3, 449
What are the prime factors of 64174?
2, 11, 2917
List the prime factors of 5469.
3, 1823
List the prime factors of 14632.
2, 31, 59
What are the prime factors of 3981?
3, 1327
List the prime factors of 5060.
2, 5, 11, 23
What are the prime factors of 8133?
3, 2711
List the prime factors of 729.
3
What are the prime factors of 3171?
3, 7, 151
What are the prime factors of 17438?
2, 8719
List the prime factors of 6276.
2, 3, 523
What are the prime factors of 90352?
2, 5647
List the prime factors of 45.
3, 5
What are the prime factors of 665?
5, 7, 19
List the prime factors of 4135.
5, 827
What are the prime factors of 12081?
3, 4027
What are the prime factors of 1316?
2, 7, 47
What are the prime factors of 5349?
3, 1783
What are the prime factors of 345?
3, 5, 23
List the prime factors of 59.
59
List the prime factors of 4909.
4909
List the prime factors of 5297.
5297
What are the prime factors of 18661?
18661
What are the prime factors of 20843?
19, 1097
What are the prime factors of 11772?
2, 3, 109
List the prime factors of 1579.
1579
List the prime factors of 66424.
2, 19, 23
List the prime factors of 2671.
2671
List the prime factors of 1063.
1063
What are the prime factors of 709?
709
List the prime factors of 2734.
2, 1367
List the prime factors of 1791.
3, 199
List the prime factors of 46708.
2, 11677
List the prime factors of 3626.
2, 7, 37
List the prime factors of 6002.
2, 3001
List the prime factors of 9497.
9497
What are the prime factors of 37804?
2, 13, 727
What are the prime factors of 2371?
2371
List the prime factors of 18150.
2, 3, 5, 11
List the prime factors of 26782.
2, 7, 1913
List the prime factors of 3728.
2, 233
List the prime factors of 3724.
2, 7, 19
What are the prime factors of 1807?
13, 139
List the prime factors of 4294.
2, 19, 113
What are the prime factors of 23795?
5, 4759
List the prime factors of 73180.
2, 5, 3659
What are the prime factors of 1235?
5, 13, 19
List the prime factors of 58391.
58391
What are the prime factors of 11143?
11, 1013
List the prime factors of 7309.
7309
What are the prime factors of 7896?
2, 3, 7, 47
What are the prime factors of 77457?
3, 25819
List the prime factors of 6307.
7, 17, 53
What are the prime factors of 71?
71
What are the prime factors of 4353?
3, 1451
What are the prime factors of 618?
2, 3, 103
List the prime factors of 98.
2, 7
List the prime factors of 14664.
2, 3, 13, 47
List the pri